
-3
What is 8 + -10 - (-1 + -4)?
3
What is the value of -1 - (-27 + 15 + 7 + -1)?
5
What is 7 - (-3 + 2 + -7 - -7)?
8
Evaluate 0 + 5 - (-2 - -10).
-3
What is the value of (2 - ((5 - 2) + -5)) + -3?
1
What is the value of (-9 - -8) + -7 - -1?
-7
What is 9 + -7 + -1 - (3 + -3)?
1
Evaluate (-7 + 3 - -2) + 7.
5
18 + 10 + -11 + -9
8
-17 - (-5 + -1 - (-5 + 7))
-9
Calculate 1 + 2 + (-7 - (1 - 0)).
-5
What is -2 + (1 - 5) + 0 + 2?
-4
Calculate -3 + (6 - 5) - (-4 + 4).
-2
What is (3 - -1) + -1 + (-2 - 0)?
1
What is the value of 10 - (0 - (6 - 12))?
4
3 + -6 + -2 + 1
-4
What is -4 - ((17 - 17) + 1 + 2)?
-7
-2 - (-1 - (5 + -1))
3
-4 - (-9 + 17) - -6
-6
Evaluate -5 + 1 - (1 + 0 + -4).
-1
Evaluate -3 + -2 + (8 - 1).
2
Evaluate -2 + 0 - (-9 - (5 - 9)).
3
Calculate -7 + -8 + 9 + 5.
-1
What is -5 + 1 + -1 + (2 - 2)?
-5
(-5 - (-1 + -7)) + 3 + -1
5
-2 + 1 + -1 + (48 - 51)
-5
What is 1 - 1 - (-46 + 41)?
5
What is the value of -3 - (-1 - (3 + -4 + 2))?
-1
Evaluate 0 - (-8 - (3 + -6)) - 2.
3
What is -15 - (-19 + 3 + 8) - 2?
-9
What is the value of -1 + 7 + 8 + -10 + -5?
-1
Calculate (13 - 3) + (-1 - 0) + -6.
3
What is the value of 11 - 20 - (-5 + 1)?
-5
Calculate 6 - 0 - 1 - (0 + 0).
5
Evaluate 2 - (-14 + 10 + (3 - 0)).
3
What is the value of -108 - -96 - (-16 - 2)?
6
7 - (-15 + 18 - 4)
8
Evaluate 2 + -5 - (5 - 4).
-4
What is the value of -3 - (5 - 4 - 2)?
-2
What is -6 - 1 - (0 + 1 - 3)?
-5
What is -9 + 20 + -4 + -3?
4
What is the value of 2 - (0 + -3 + 14) - -4?
-5
What is the value of 0 - (-3 + (2 - (3 + 0)))?
4
(7 - (1 - 0)) + 20 + -19
7
What is the value of -4 + -2 - (2 - (12 - 7))?
-3
Evaluate 0 + 0 - 0 - (5 - 5).
0
What is 0 - (8 - 14) - 0?
6
What is the value of 6 - (2 - -7) - (-1 - 0)?
-2
What is (1 - 6) + 1 - (54 - 56)?
-2
-6 + 13 - (-3 - 1 - -13)
-2
What is the value of (-6 - 6) + 11 + -7?
-8
Calculate 5 + 2 + (-6 - -4) - 9.
-4
Calculate -4 - (-7 + 3) - (-3 - 1).
4
What is the value of 11 + (-7 - -9) + -12?
1
Calculate 14 + -14 + (0 - 6) - -7.
1
Evaluate 2 + (1 - (-2 - (6 + -4))).
7
Calculate 3 + (-5 - (-3 - -1 - 2)).
2
Calculate -4 - (-11 + -4) - (5 + -3).
9
-1 + 2 + (-5 - -6)
2
Calculate 1 + (1 + 2 - 12) + 3.
-5
Calculate -5 - -5 - (0 - (1 - 3)).
-2
What is 1 - (5 - (3 - -6))?
5
What is the value of (-7 - (-1 + -2)) + (2 - 3)?
-5
Evaluate -5 - (-1 + 1 + -3).
-2
What is (3 - (-1 + 3)) + 4?
5
Evaluate -1 + -3 + 0 - (-8 - -1).
3
What is 1 + (-1 - -2) - (5 + -3)?
0
What is 2 + (-6 + 1 - (-1 + 3))?
-5
Calculate -6 - (-4 - (7 - 10) - 4).
-1
0 - (-8 + 0 - -7)
1
Calculate 1 - 1 - (-15 + 17).
-2
What is the value of 2 + -3 + 2 - (4 - 5)?
2
-3 + 5 - (1 + -7 + 14)
-6
Evaluate 2 - (-3 - (-9 + 7)).
3
Calculate 10 - (17 + -8) - 5.
-4
Calculate 7 + -3 + 0 + -6.
-2
What is the value of 2 + 1 - -1 - 4 - -5?
5
What is 1 - (2 - (-1 - -5))?
3
4 - (-4 - -2 - -3)
3
What is the value of (0 - 4) + 2 - -6?
4
-10 + 12 - 9 - -14
7
Evaluate -7 - (-12 - (-8 + 4)).
1
Calculate -5 - ((-8 - (1 + -4)) + -5).
5
What is -5 + (-2 - -8) + 0 + -1?
0
Evaluate (-6 - (-5 - -6)) + (4 - 2).
-5
Evaluate -4 + 4 - -1 - 4.
-3
Calculate 3 + 0 + 3 - 5.
1
-2 - (-2 - 1) - (14 + -15)
2
What is the value of 1 + (-6 - -1) + (-5 - -12)?
3
What is the value of (-3 - -3) + 0 + 3?
3
-6 - (2 + 1 + -8)
-1
-4 + 7 + (2 - 3) + 1
3
Calculate -6 + (0 - 3 - (-2 + -4)).
-3
What is the value of -1 + (0 + (5 - 4) - -2)?
2
3 + 0 + 0 + -30 + 27
0
What is 12 + -9 - (6 - (0 + 3))?
0
What is 0 + 4 + (32 - 32)?
4
What is 0 + -4 + (6 - -5)?
7
(4 - -1 - 6) + 6
5
Calculate (4 - 0) + -9 - -8.
3
Evaluate 23 - 28 - (1 - 7).
1
What is (3 - 4 - -1) + 4?
4
What is (-5 - -6 - 0) + -7?
-6
Calculate 1 - (-6 + -6 + 6 + 6).
1
What is -6 + (10 - 11) + (3 - 1)?
-5
Evaluate 1 + 3 + (4 - 3).
5
What is the value of -5 + (5 - -9) + (-3 - 0)?
6
Evaluate -6 - (-10 - -5) - 4.
-5
Calculate 0 - -4 - (-13 - -20) - -6.
3
Evaluate 4 + -4 + -6 + 3 + 0.
-3
What is -2 + (4 + -2 + 5 - 5)?
0
-5 + (-4 + 3 - 1) - -2
-5
What is -3 + -7 + 5 + 9?
4
What is -4 - -2 - (3 - 2)?
-3
Evaluate 0 + -13 - (5 + -19).
1
-8 + (9 - 2 - (1 + 3))
-5
4 - (10 - 5 - -3)
-4
-1 + -9 + 2 + 3
-5
What is 13 - (-2 - -9 - -1)?
5
21 + -24 - (-2 - (0 + 1))
0
What is 4 - (-4 + (4 - 0))?
4
What is the value of (-6 - 4) + 21 - 5?
6
What is the value of 3 + (0 - 3 - -1) - 3?
-2
What is -6 + 2 - (-8 + 7) - 2?
-5
Evaluate 1 + (-5 - -9) + 0.
5
-2 - (-6 + 4) - (1 + 0)
-1
What is 14 + -7 - 13 - -6?
0
Evaluate 0 + (-14 - -8) + 3.
-3
What is 9 - 1 - (-4 - (-15 - -11))?
8
Calculate (-4 - 4) + 0 + -1 + 19.
10
What is 16 + -21 + 2 + -1?
-4
What is (0 + 8 - 2) + -2?
4
(-1 - 2) + (7 - 4)
0
Evaluate -7 - -9 - 1 - -7.
8
Evaluate 1 + 18 + -21 + (5 - -1).
4
0 + -1 + (29 + -20 - 12)
-4
Calculate 13 - 8 - (-2 + 7).
0
2 - -2 - (-16 - -18)
2
Evaluate 5 + -9 + (9 - 0).
5
Calculate (0 - 7) + (16 - (2 - 1)).
8
What is -16 - -13 - (0 + 1) - -5?
1
Evaluate 4 + (-1 - -3) + 2 + -5.
3
What is -13 + 1 + -6 + 15 + -3?
-6
Calculate (2 - -1) + (12 - (3 + 13)).
-1
Evaluate 4 + -5 + (-5 - -1).
-5
2 - (2 + (2 - 2))
0
Evaluate 5 + -1 + (17 - 13) - 6.
2
Evaluate 3 - -1 - ((6 - 9) + 13).
-6
What is -5 - (-2 - (-5 - -7)) - 5?
-6
What is the value of -6 + -1 + -10 + 12 + 2?
-3
Calculate -2 + (5 + -2 - -5).
6
Calculate 7 + (7 - 5) + -2.
7
Evaluate 6 + -6 - 4 - -2.
-2
Calculate -3 + -4 + (-12 - -20) + -2.
-1
What is 6 - ((-5 - -16) + (-8 - -1))?
2
7 - 15 - -5 - (-2 + -1)
0
0 - (-2 + 2 - (5 - 0))
5
What is the value of -3 + (0 - -5) - 2?
0
What is (3 - -4) + -11 - -4?
0
Evaluate 13 + -16 + 6 + 2.
5
What is the value of 0 - -11 - 2 - 4?
5
Evaluate 33 + -31 + -3 + (-1 - -1).
-1
Calculate -14 + 1 + 34 + -12.
9
Evaluate -22 - -15 - (-2 + -11).
6
Evaluate -3 + (4 - 9) + -5 + 3.
-10
What is -34 + 38 + (5 + -3 - -1)?
7
Calculate 6 + -4 + (3 - 3).
2
Evaluate -5 - -1 - (3 + -2).
-5
Evaluate 5 + 0 + -1 + -8 + 1.
-3
Calculate 1 - (-5 - 1 - (2 - 5)).
4
What is the value of (3 - 12) + 0 + 2 + 3?
-4
Evaluate 4 - (-6 - (-1 - 6)).
3
-7 + 1 - (1 - 5)
-2
-3 + 1 + 2 - (1 - -2)
-3
2 + -8 + 3 + 1 + -3
-5
Calculate -1 + -5 + (4 - 2).
-4
What is the value of -2 + -3 + 11 - -2?
8
What is -29 - -40 - (-1 - -7)?
5
What is -1 - (-10 + 14 + -6 + -1)?
2
What is 4 + (-5 + -1 - -3 - 0)?
1
Calculate 2 - 5 - -4 - (-8 + 4).
5
Calculate 3 - ((9 - 3) + 5 + -11).
3
What is -11 - ((-13 - -12) + -8)?
-2
What is the value of 3 + (11 - 20) - 0?
-6
Calculate -3 + (22 - 10) - 11.
-2
What is the value of 3 - ((-5 - -1) + 6)?
1
What is 4 - ((-4 - -5) + 2)?
1
Evaluate 24 + -30 + (0 - -7).
1
Evaluate 2 + (-1 + -2 - (-1 - -2)).
-2
What is the value of (-4 - -4) + (1 - -3)?
4
(1 - -5 - 5) + -1
0
Calculate -8 + -3 + -4 + 1 + 5.
-9
-18 + 19 - (15 + -3)
-11
Calculate -4 + (-12 - -16 - (1 - 2)).
1
What is 7 + (-2 - 2 - -1)?
4
What is -1 + (-5 - -9) + -2 + 0?
1
Calculate -2 + -1 - (-55 + 54).
-2
What is the value of 60 - 64 - (-11 + 0)?
7
(-5 - -2 - -7) + (15 - 15)
4
What is the value of 22 - 14 - (-4 - -10)?
2
1 - 1 - 2 - (5 - 5)
-2
Calculate -1 + -1 - -3 - (-36 - -40).
-3
Calculate (7 - (-5 + 5)) + -3 - 5.
-1
Evaluate (3 - -3 - (0 + 3)) + 0.
3
Calculate -1 + 1 + (11 - (5 - -4)).
2
Calculate -2 + 0 + -6 + 9.
1
6 + (2 - 7) + 1 + -6
-4
What is the value of -5 + (13 - (-4 + 1 - -5))?
6
Calculate 30 - 35 - (-1 + 2).
-6
What is (-2 - (3 + 0) - -4) + -3?
-4
What is -5 + (6 + 0 - (5 + -2))?
-2
-1 + (0 - (1 - 4)) - 3
-1
Calculate -2 + (3 - 4 - -1).
-2
What is the value of -4 - (-5 - -11 - 5)?
-5
What is the value of 5 - 2 - 11 - (1 + -4)?
-5
What is (9 + -5 - -6) + -10?
0
Calculate 4 - (2 - (-4 + 2)).
0
Evaluate (-4 - 2) + -13 + 14.
-5
Evaluate 4 - (5 + -4 - 1) - 6.
-2
Calculate 4 - (22 + -27 + 0 + 4).
5
Evaluate 4 - -1 - (113 + -109).
1
What is -2 + -7 + 3 + 2?
-4
Calculate 8 + -1 - (-19 - (-29 + -5)).
-8
Calculate 0 + -1 + 5 + -11.
-7
Evaluate 6 - (-7 + 10 - 1 - -8).
-4
Evaluate 4 + 1 + -5 + 5 - 2.
3
Evaluate -14 + 9 - 3 - (-5 - 13).
10
Evaluate (6 - 3) + -3 - 2.
-2
What is 0 + 12 + 1 + -10?
3
Calculate -9 + (-2 - -1 - (8 - 13)).
-5
-10 - (-4 - (5 - -6))
5
What is the value of (6 - 2) + (14 - 2 - 6)?
10
Evaluate -7 - -2 - (-7 + 7 + 0).
-5
What is the value of 1 + (4 - (8 + -1))?
-2
What is 3 + (-5 + 4 - -5) + -3?
4
What is the value of -1 + -1 + (-8 - -3) + 0?
-7
What is the value of (-4 - (0 + -7)) + -1?
2
What is -1 + -1 + 3 + (2 - 5)?
-2
What is 7 + -2 + (4 - 9) + -4?
-4
Calculate -2 